ainder when (-1 - (-2)/8) + 355/20 is divided by (-1)/(-6)*2*t.
8
Let j(l) = l**3 + 5*l**2 - 5*l + 9. Calculate the remainder when 75 is divided by j(-6).
0
Suppose -80*j + 27*j + 37*j + 9856 = 0. What is the remainder when j is divided by 29?
7
Let w = -185 + 133. What is the remainder when 107 is divided by w/(-7) + -4 + (-50)/(-14)?
2
Let z = 683 - 683. Suppose 4*g + 30 = 5*b - 11, z = -4*g + 4. What is the remainder when 57 is divided by b?
3
Suppose 488 = -13*k + 1489. What is the remainder when (0 - 0)/(-1) + 690 is divided by k?
74
Suppose -5*y + 110 = 20. Suppose 47*l = 11849 + 10382. Suppose -l*s + 340 = -468*s. What is the remainder when s is divided by y?
14
Let h(z) = 14*z**2 + 2*z. Suppose -2*w + 3*i + 79 = 0, 0 = w + 20*i - 18*i - 15. What is the remainder when h(-2) is divided by w?
23
Let m = 128 - 79. Suppose -2*a + 14 - 6 = 0, -3*o = 3*a - 12. Calculate the remainder when m is divided by o/(10/(1 + -6)) + 17.
15
Suppose 0 = 4*a + k - 63, 53 = 3*a + 5*k - 7. Suppose g - 36 = 10. Calculate the remainder when g is divided by 3/1 + (24 - a).
10
Suppose 401*f - 737 + 717 = 35268. What is the remainder when 16/(-6)*258/(-4) is divided by f?
84
Let c = -2234 - -2250. Calculate the remainder when 169 is divided by c.
9
Let m be 0/(((-12)/(-9))/((-6)/(-9))). Suppose -4*x - 5*k = 70, 3*x - k + 34 + 28 = m. Calculate the remainder when 5 is divided by (-1 + x/(-8))*2.
2
Let r = 203 - 200. Suppose 7*l - 65 = 2*l. What is the remainder when (0 - 30/(-9)*5)*r is divided by l?
11
Suppose 0 = 5*v - 90 + 30. What is the remainder when v/(-3) + 3*(-14)/(-3) is divided by 5?
0
What is the remainder when 125 is divided by ((-85)/(-2) - -10)*(-10 + 12)?
20
Let z = 455 - 456. Let v(m) = -m + 27. Let u(r) = -2*r**3 - 5*r**2 + 2*r - 4. What is the remainder when u(-5) is divided by v(z)?
27
Suppose -2*d + 705 + 105 = 0. What is the remainder when d is divided by 181?
43
Let b = -5284 - -10935. What is the remainder when b is divided by 11?
8
Let m = -9346 + 25110. Calculate the remainder when m is divided by 15.
14
Suppose -12*t - 165 = -2*l - 7*t, 0 = -4*l + 4*t + 312. Let u(f) = f + 40. Let s = 27 - 40. What is the remainder when l is divided by u(s)?
21
What is the remainder when (-485)/(-4) + (-511)/(-292) is divided by 23?
8
Suppose 1135*o - 1139*o + 632 = 0. What is the remainder when o is divided by 115?
43
Let o(q) = -q**3 - 26*q**2 - 28*q - 1475. Let w = -18 - -47. Suppose g - w + 12 = 0. Calculate the remainder when g is divided by o(-27).
7
Let h be 1*-1*(-6 + 6 + 0). Suppose h = 25*u + 5 - 505. What is the remainder when u is divided by (-2)/3 + 20/3?
2
Let n = -1695 - -2174. What is the remainder when n is divided by 27?
20
Let u be 2/(-8) - (-1 + (-36)/16). Suppose -7*s = -9*s, 0 = -4*q - u*s + 88. Let b = 4 + 2. What is the remainder when q is divided by b?
4
Suppose -5*p - x = -1431, -134 = -2*p - 4*x + 442. Calculate the remainder when p is divided by 49.
41
Suppose o + 9*s - 237 = 6*s, 5*s - 10 = 0. What is the remainder when o is divided by 59?
54
Let a(d) = 2*d**2 - 55*d - 73. Calculate the remainder when a(32) is divided by 24.
23
Suppose 3*l = 3*p + 2*p + 1339, l - 4*p - 437 = 0. Let t(d) = 166*d + 7974. Calculate the remainder when 6/27 - l/(-27) is divided by t(-48).
5
Suppose -57*j + 9943 + 769 = 46*j. What is the remainder when 346 is divided by j?
34
Suppose 29*n - 22*n = -2121. Let m = 316 + n. Suppose -c - 3*w + 4*w + 41 = 0, -2*w = 8. What is the remainder when c is divided by m?
11
Calculate the remainder when 88 is divided by 28/(-21)*9/(-6).
0
Let b(h) = -15*h**3 + 5*h**2 + 11*h + 2. Let n be b(-2). Let m = n - 94. What is the remainder when 100 is divided by m?
22
What is the remainder when (3528/48 - 10) + (-14)/4 is divided by 48?
12
What is the remainder when (-50)/(-225) - ((-12427)/9 - -2) is divided by 685?
9
Calculate the remainder when 970 is divided by -10 - -32 - -211 - (-5)/1.
18
Let i = 122 + -38. Let z = 94 - i. Suppose 0 = -21*g + 16*g + 60. Calculate the remainder when g is divided by z.
2
Suppose -3*p + 4*p = -2*d - 8, -2 = 4*p + 2*d. Let u be 18/(-22) - p/11. Calculate the remainder when 22 is divided by 1*u/((-1)/3).
1
Let v(h) = 96*h**2 - 38*h - 43. Calculate the remainder when v(-6) is divided by 724.
21
Suppose 4*w - 877 = 4*m - 265, -4*w - 7*m + 546 = 0. Calculate the remainder when w is divided by 26.
17
Let p(b) = 14*b**2 - 994*b + 18. Let q(r) = r**2 + 6*r - 5. Let n be q(-5). Let i = n + 39. Calculate the remainder when i is divided by p(71).
11
Suppose -16*g = 19*g - 12322 + 2242. Calculate the remainder when g is divided by 2.
0
Let v(s) = 2*s**2 + s + 3. Suppose -5*p - 10 = 5*q, 0 = 5*q + p - 3*p + 17. Let z = -605 + 639. What is the remainder when z is divided by v(q)?
16
Suppose -l - 84 = -3*d - 4*l, -2*d - 4*l = -50. Suppose -1 = 8*n + d. Calculate the remainder when -1*(-42 + n - -3) is divided by 11.
10
Let t = 308 - 272. Suppose -2*h + 19 + 1 = -4*p, -h + 4*p + 16 = 0. Calculate the remainder when t is divided by h.
0
Let q(g) = 2*g**2 - 29*g + 18. Let f = 19 + -29. Let o = 16 + f. Calculate the remainder when o is divided by q(14).
2
Let a = -159 + 270. Let b = 172 - 144. Calculate the remainder when a is divided by b.
27
Let x be (-16)/200 - 392/100. Let w(v) = -6*v - 20. Calculate the remainder when 9 is divided by w(x).
1
What is the remainder when 594 is divided by (-336)/32*(850/(-56) + (-17)/68)?
108
Let u be 3662/(-26) - (441/(-91) - -5). Let n = 60 + 57. What is the remainder when n is divided by (-1880)/u - (-10)/6?
12
Suppose -68*d = -2150 - 162. Let g = 4 + -2. Suppose 2*f + t - 393 = -g*f, 4*f - 2*t = 402. Calculate the remainder when f is divided by d.
31
Let r = -1072 + 1134. Let q(a) = 4*a**2 + 9*a + 2. Calculate the remainder when q(3) is divided by r.
3
Suppose -8 = 7*n + 27. Let u(s) = 6*s**2 + 6*s - 4. What is the remainder when u(n) is divided by 76/2 + 4/4?
38
Suppose 0*a + 2359 = 7*a. Suppose 0 = 9*p + 112 - a. Calculate the remainder when 74 is divided by p.
24
Suppose 4*z + 14*p - 10*p + 12 = 0, 0 = 4*p - 12. Let i(t) = -19*t - 90. What is the remainder when i(z) is divided by 9?
6
Suppose 6*h - 26*h + 100 = 0. Suppose -5*p + 190 = -45. Suppose 5*u = p + 18. Calculate the remainder when u is divided by h.
3
Let b = 1255 + -925. What is the remainder when b is divided by 9?
6
Let l = -1 - -4. Suppose 4*x = -l*i + 277, -x + 56 = -2*i - 27. Suppose -10*t + 100 = 4*q - 2*t, -5*q + t = -70. What is the remainder when x is divided by q?
13
Suppose 2*y - 7*y + 2*k + 2791 = 0, 3*k = -24. Calculate the remainder when y is divided by 38.
23
Let x = -59 + 105. Let h = 1295 - 1830. Let c = -511 - h. Calculate the remainder when x is divided by c.
22
Let g = -77 + 38. Let c be (-4)/(g/36 - (-6)/(-24)). Suppose -i + c = -2. Calculate the remainder when 38 is divided by i.
3
Suppose -2*w - s + 2751 = 0, 7*w - 5*w = -2*s + 2756. What is the remainder when w is divided by 106?
101
Let y(i) = 8*i**2 - 2*i + 2. Let p be 4 + 1/4*4. Suppose 0 = p*u - 9*u + 4. Calculate the remainder when 13 is divided by y(u).
5
Let b(x) = 3*x + 5 - 4 + 19. Let m be b(-6). What is the remainder when 23 is divided by m - (-3 + 4/4)?
3
Suppose 2*k - 17 = k. Calculate the remainder when (1 - 3)/(2*(5446/420 - 13)) is divided by k.
13
Calculate the remainder when 130 is divided by 38 - (-2)/(17/(765/18)).
1
Suppose -4759*o = -4773*o + 434. What is the remainder when 523 is divided by o?
27
Let o be (0 + -2)/((-60)/9 - -6). Suppose 5*a - 3*a + 2 = 0, 2*p - o*a = 11. What is the remainder when 48 is divided by p?
0
Suppose -166*x + 38544 = -93*x. What is the remainder when x is divided by 136?
120
Let q(x) = 265*x + 3598. What is the remainder when q(-10) is divided by 191?
184
Calculate the remainder when 2418 is divided by (4/(-8))/((-693)/(-540) - (-8)/(-6)).
8
Suppose -4*x - 5 = -1, -3*i - x + 923 = 0. What is the remainder when i is divided by 46?
32
Let s = -4589 - -4616. What is the remainder when 2750 is divided by s?
23
Let f be (-8)/6 - -2 - 3830/(-15). Let t = 758 - f. What is the remainder when t is divided by 8?
6
Let w(f) = -f**3 + 32*f**2 - 109*f - 7. Calculate the remainder when 768 is divided by w(28).
75
Suppose -y - 1 + 16 = 0. Let x be 2/(-6)*1*(-1 + -23). Suppose 2*h - 117 =